{"id":22990438,"date":"2025-05-07T17:28:49","date_gmt":"2025-05-07T15:28:49","guid":{"rendered":"https:\/\/cnfn.fr\/annuaire\/?page_id=22990438"},"modified":"2025-08-07T18:04:18","modified_gmt":"2025-08-07T16:04:18","slug":"inscrire-votre-entreprise","status":"publish","type":"page","link":"https:\/\/cnfn.fr\/partenaires\/inscrire-votre-entreprise\/","title":{"rendered":"Inscrire votre entreprise"},"content":{"rendered":"<div class=\"pmpro\">\n<div class=\"pmpro_card pmpro_content_message et_pb_row\">\n<h2 class=\"pmpro_card_title pmpro_font-large\"><svg xmlns=\"http:\/\/www.w3.org\/2000\/svg\" width=\"24\" height=\"24\" viewBox=\"0 0 24 24\" fill=\"none\" stroke=\"var(--pmpro--color--accent)\" stroke-width=\"2\" stroke-linecap=\"round\" stroke-linejoin=\"round\" class=\"feather feather-lock\"><rect x=\"3\" y=\"11\" width=\"18\" height=\"11\" rx=\"2\" ry=\"2\"><\/rect><path d=\"M7 11V7a5 5 0 0 1 10 0v4\"><\/path><\/svg>L&rsquo;adh\u00e9sion Publication Mensuelle est requise<\/h2>\n<div class=\"pmpro_card_content\">\n<p> Vous devez \u00eatre Publication Mensuelle pour acc\u00e9der \u00e0 ce contenu.<\/p>\n<p><a class=\"pmpro_btn\" href=\"https:\/\/cnfn.fr\/partenaires\/paiement-dadhesion\/?pmpro_level=1\">S\u2019inscrire maintenant<\/a><\/p>\n<\/div>\n<div class=\"pmpro_card_actions pmpro_font-medium\">D\u00e9j\u00e0 membre ? <a href=\"https:\/\/cnfn.fr\/partenaires\/login\/?redirect_to=https%3A%2F%2Fcnfn.fr%2Fpartenaires%2Finscrire-votre-entreprise%2F\">Connectez-vous ici<\/a><\/div>\n<\/div>\n<\/div>\n","protected":false},"excerpt":{"rendered":"<div class=\"pmpro\"><div class=\"pmpro_card pmpro_content_message et_pb_row\"><h2 class=\"pmpro_card_title pmpro_font-large\"><svg xmlns=\"http:\/\/www.w3.org\/2000\/svg\" width=\"24\" height=\"24\" viewBox=\"0 0 24 24\" fill=\"none\" stroke=\"var(--pmpro--color--accent)\" stroke-width=\"2\" stroke-linecap=\"round\" stroke-linejoin=\"round\" class=\"feather feather-lock\"><rect x=\"3\" y=\"11\" width=\"18\" height=\"11\" rx=\"2\" ry=\"2\"><\/rect><path d=\"M7 11V7a5 5 0 0 1 10 0v4\"><\/path><\/svg>L'adh\u00e9sion Publication Mensuelle est requise<\/h2><div class=\"pmpro_card_content\"><p> Vous devez \u00eatre Publication Mensuelle pour acc\u00e9der \u00e0 ce contenu.<\/p><p><a class=\"pmpro_btn\" href=\"https:\/\/cnfn.fr\/partenaires\/paiement-dadhesion\/?pmpro_level=1\">S\u2019inscrire maintenant<\/a><\/p><\/div><div class=\"pmpro_card_actions pmpro_font-medium\">D\u00e9j\u00e0 membre ? <a href=\"https:\/\/cnfn.fr\/partenaires\/login\/?redirect_to=https%3A%2F%2Fcnfn.fr%2Fpartenaires%2Finscrire-votre-entreprise%2F\">Connectez-vous ici<\/a><\/div><\/div><\/div>","protected":false},"author":1,"featured_media":0,"parent":0,"menu_order":0,"comment_status":"closed","ping_status":"closed","template":"","meta":{"_et_pb_use_builder":"on","_et_pb_old_content":"","_et_gb_content_width":"2880","pmpro_default_level":"","footnotes":""},"dipi_cpt_category":[],"class_list":["post-22990438","page","type-page","status-publish","hentry","pmpro-level-required","pmpro-level-1","pmpro-no-access"],"_links":{"self":[{"href":"https:\/\/cnfn.fr\/partenaires\/wp-json\/wp\/v2\/pages\/22990438","targetHints":{"allow":["GET"]}}],"collection":[{"href":"https:\/\/cnfn.fr\/partenaires\/wp-json\/wp\/v2\/pages"}],"about":[{"href":"https:\/\/cnfn.fr\/partenaires\/wp-json\/wp\/v2\/types\/page"}],"author":[{"embeddable":true,"href":"https:\/\/cnfn.fr\/partenaires\/wp-json\/wp\/v2\/users\/1"}],"replies":[{"embeddable":true,"href":"https:\/\/cnfn.fr\/partenaires\/wp-json\/wp\/v2\/comments?post=22990438"}],"version-history":[{"count":18,"href":"https:\/\/cnfn.fr\/partenaires\/wp-json\/wp\/v2\/pages\/22990438\/revisions"}],"predecessor-version":[{"id":22990837,"href":"https:\/\/cnfn.fr\/partenaires\/wp-json\/wp\/v2\/pages\/22990438\/revisions\/22990837"}],"wp:attachment":[{"href":"https:\/\/cnfn.fr\/partenaires\/wp-json\/wp\/v2\/media?parent=22990438"}],"wp:term":[{"taxonomy":"dipi_cpt_category","embeddable":true,"href":"https:\/\/cnfn.fr\/partenaires\/wp-json\/wp\/v2\/dipi_cpt_category?post=22990438"}],"curies":[{"name":"wp","href":"https:\/\/api.w.org\/{rel}","templated":true}]}}